pose 5*a - 3*j - 71 = 0, 5*a = j + 49 + 28. Let o be (-2)/(-6)*30/2. Let n = o + -1. Calculate the greatest common divisor of a and n.
4
Let g be 2/(-3) - (-1000)/(-3). Let w = -190 - g. Calculate the greatest common factor of 16 and w.
16
Let t be ((-4)/5)/(2/(-50)). Let f be (64/t)/((-2)/(-10)). Calculate the highest common factor of 8 and f.
8
Let l(y) = -y**3 + 6*y**2 - 4*y + 5. Let f be l(5). Let c(j) = j**2 - 10*j + 3. Let n be c(f). Calculate the highest common divisor of n and 24.
3
Let f be (1 + 2)*80/15. Let m = f - 4. What is the highest common divisor of 132 and m?
12
Let o(z) = -5*z + 4*z**2 - 5*z**2 - 2 + z. Let t be o(-3). Let w be ((-16)/(-12))/(2/12). What is the highest common divisor of w and t?
1
Let w(p) = -41*p + 3. Let q be w(-1). What is the highest common factor of q and 66?
22
Suppose -2*m + 3*p + 66 = 3*m, p - 3 = 0. Let f be 6 + (6/2 - 2). Suppose 2*r = -4*k + 18, 3*k = f + 2. Calculate the greatest common divisor of m and r.
3
Let s(z) = -z**3 + 16*z**2 - 19*z + 9. Let r be s(14). Suppose j = -j - 4*t + 42, 5*j - 63 = 4*t. What is the greatest common factor of r and j?
15
Suppose -15 = -5*z - 0*z, 2*b = -3*z - 51. Let k = -10 - b. Calculate the greatest common divisor of k and 10.
10
Suppose 11 + 54 = 5*n. Suppose q + 3*k + 0*k = -n, 5*q + 10 = -4*k. Let w be ((-2)/3)/(q/(-15)). Calculate the highest common divisor of w and 55.
5
Suppose -18 = -16*x + 14*x. What is the greatest common factor of x and 15?
3
Let t = 78 + -18. Calculate the highest common divisor of 12 and t.
12
Let s = -22 - -58. Suppose -5*v = -7*v + 8. What is the greatest common divisor of s and v?
4
Let o(c) = -c**2 + c + 2. Let a be o(2). Suppose a*y - 13 = -y. Let x be 1566/15 - 4/10. What is the highest common divisor of x and y?
13
Let l = 49 - 34. Let x = l + -55. Let y be (-5 + -1)/(6/x). What is the highest common factor of 16 and y?
8
Suppose -4*o = 5*a - 4, -o + 5 = 4*o + 2*a. Suppose -l = -12 + o. Suppose 4*s - 31 + l = 0. What is the highest common factor of s and 1?
1
Let p(s) = s**3 - 2*s**2 - 3*s. Let l be p(4). Calculate the highest common divisor of l and 180.
20
Let v = -70 + 83. What is the highest common divisor of 104 and v?
13
Let o be (-3)/(-12) - (-1)/(-4). Let s be (-2)/(-2 + o)*2. Suppose g = -k - 4*g + 44, -k + s*g + 58 = 0. What is the greatest common factor of 6 and k?
6
Let f = -109 + 256. What is the greatest common divisor of f and 21?
21
Suppose -148 = -5*h - 2*z + 10, -h = 4*z - 46. Calculate the greatest common factor of h and 150.
30
Suppose 2*k = 37 - 29. Calculate the highest common divisor of 2 and k.
2
Let y(w) = -3*w + 7. Suppose l - 3*l = -32. Let z = 9 - l. Let k be y(z). What is the highest common factor of 4 and k?
4
Let o(g) = g**2 - g - 12. Let x be o(9). Suppose -5*l + 50 + x = 0. Calculate the greatest common factor of 11 and l.
11
Suppose -2*y + 5*y = 18. Let c be (1440/112)/(y/28). What is the greatest common factor of 15 and c?
15
Suppose d + 16 = 2*z - 13, -5*z - 4*d = -92. Let m = 383 - 99. Suppose -100 = -3*p + m. Calculate the highest common factor of p and z.
16
Let a(k) = 2*k**2 - 4*k + 2. Let x be a(4). Let o = 60 + -15. Calculate the highest common divisor of x and o.
9
Suppose 0 = -5*i - 16 + 51. Let d = -4 + i. Suppose 2*c = 5*t + 8, -d*c + 13 = -5*t + 1. What is the greatest common factor of 4 and c?
4
Suppose 7 - 1 = -2*t + 5*i, -2*i - 6 = -5*t. Suppose -q + 12 = -t*a, -2*a + 58 = 3*q + q. What is the greatest common divisor of q and 28?
14
Let j = 52 + -40. What is the highest common divisor of 108 and j?
12
Let c = 492 - 268. What is the greatest common divisor of 28 and c?
28
Suppose 3*q - 3*h - h = 30, -q = h - 17. Let v = q - -2. Calculate the highest common divisor of 80 and v.
16
Let n = -8 + -12. Let l = 49 - n. What is the highest common divisor of l and 46?
23
Suppose a = -0*a - s + 7, -2*a = -5*s + 14. Suppose 5*h - 51 = -a*b + 35, 5*h = 4*b + 107. What is the greatest common divisor of h and 19?
19
Suppose 4*b + 15 = -b. Let i be (-1)/(-2)*(b + 17). What is the highest common divisor of i and 49?
7
Let d be (54/(-15))/(12/(-280)). Calculate the highest common factor of 12 and d.
12
Suppose -81 = -5*x + 59. What is the highest common factor of x and 21?
7
Suppose 5*x + 21 - 76 = 0. Let u be (-3 - (-275 + 2)) + 2. Suppose -877 + u = -5*c. What is the highest common divisor of x and c?
11
Let o = -92 + 141. Suppose -1 = -i + 3*c, -3*i - 5*c + 24 = -o. Calculate the highest common factor of 2 and i.
2
Suppose -2*p + 83 = 5*q - 0*p, -2*p - 22 = -2*q. Calculate the highest common divisor of q and 15.
15
Let t = 129 + -39. Let y(f) = -f**3 + 3*f + 2. Let k be y(-2). Suppose k*c - t = -c. Calculate the greatest common factor of 126 and c.
18
Let y = 10 - 17. Let h be 1 + 11 - (y + 4). Calculate the highest common divisor of h and 60.
15
Let q be 4/1 + -2 - 2. Suppose q*p + 48 = 3*p. Suppose 0 = 3*d - 4*z - 104, 4*d - d - 3*z - 108 = 0. What is the highest common factor of d and p?
8
Let x be 2/8 - ((-267)/4 - -3). What is the greatest common divisor of 96 and x?
32
Suppose -46 = -5*l + 24. Let o be (-1)/((-1)/l) + -2. What is the greatest common factor of 8 and o?
4
Let i = -141 + 421. Calculate the greatest common factor of 40 and i.
40
Suppose 3*z + 3*f - 12 = 0, -4*f = -5*z - 0*z + 38. Let g be 5/15*18*2. What is the highest common divisor of z and g?
6
Suppose -4*w = 5*v - 2*v + 20, -3*w = 3*v + 21. Let t = -12 - v. Let i be t/6*-3*3. What is the highest common divisor of 30 and i?
6
Suppose 5*t = -0*t + 275. Let j = -13 + t. Let m be 0 + (-2)/(-2) + 5. What is the highest common divisor of m and j?
6
Suppose -3*n = 2*n + 35. Let w(s) = s**3 + 6*s**2 - 10*s - 6. Let y be w(n). Calculate the greatest common factor of 3 and y.
3
Suppose -3*z + 6*z - 9 = 0. Let q(g) = 10*g**2 - 7 - 5*g**3 - 2*g - 7 + 3*g**3 + z*g**3. Let d be q(-10). What is the greatest common factor of d and 9?
3
Let x(l) = 4*l - 9. Let q be x(6). Let i be (-3)/9*-1*30. Suppose -2*a = -0*a - i. Calculate the greatest common factor of q and a.
5
Let n = -6 - -4. Let r be (n - -1)/(7/(-329)). Suppose o = 3*w - r, 11 + 26 = 3*w + o. Calculate the highest common factor of w and 42.
14
Suppose 5*f - 5*s - 60 = 0, -5*f - 5*s + 22 = 2. What is the greatest common divisor of f and 64?
8
Suppose -4*r = -118 - 122. Let z(l) = -l**3 + 5*l**2 + 8*l. Suppose 2*h - 12 = -0*h. Let c be z(h). What is the highest common divisor of r and c?
12
Let o(l) = -4*l - 60. Let m be o(-25). Calculate the greatest common divisor of 40 and m.
40
Suppose -2*p = -3*p, -52 = -4*m + p. Let q be (-4 - -122) + 1 + -2. What is the highest common divisor of q and m?
13
Let b be (-1)/(-3) - 59/(-3). Let u = 31 - b. Let p(n) = -57*n - 2. Let m be p(-1). Calculate the highest common divisor of u and m.
11
Let y be ((-2)/4)/((-3)/42). Let m be (-1)/3 + (-169)/(-3). Calculate the highest common factor of m and y.
7
Let u be 5*8/16 - 1/2. Calculate the greatest common factor of u and 5.
1
Suppose -21 = -3*c + 6. Let o be (-12)/4 + 5*c. Suppose 2*n - n - 14 = 0. Calculate the highest common factor of n and o.
14
Let t be 5/(5/(-3)) + 15. Let q = t - 9. Calculate the highest common divisor of q and 9.
3
Suppose 2 = 2*m - 3*l + 5, -l + 3 = 0. Let z = 21 - m. What is the greatest common divisor of 9 and z?
9
Let p be 2 + -3 + 2 - -1. Let g(q) = 7*q - 5. Let u be g(3). What is the greatest common factor of u and p?
2
Let n be ((-2)/2)/(-1 + 188/190). Calculate the greatest common factor of 19 and n.
19
Suppose -5*l + 5*a = -85, 2*a + 16 + 3 = l. Calculate the greatest common divisor of 60 and l.
15
Suppose 4*s = -3*w + 40, -5*w + 58 = -2*w - 5*s. Calculate the highest common divisor of 48 and w.
16
Let a = 2 - -1. What is the greatest common divisor of a and 9?
3
Let g = 0 - -4. What is the greatest common factor of 20 and g?
4
Suppose 57 = 10*l - 53. Calculate the greatest common factor of l and 121.
11
Suppose 0 = -3*b + 3*j + 99, -b + 2*b - 3*j = 33. Let s(r) = 12*r - 1. Let p be s(1). What is the greatest common divisor of p and b?
11
Suppose -t - 22 = -3*t - 2*s, -t = -5*s - 17. What is the highest common divisor of t and 6?
6
Let r(i) = -7*i - 17. Let k(p) = p + 1. Let m(v) = -6*k(v) - r(v). Let c be m(-7). Suppose 25 = -c*g + 145. Calculate the h